ainder when o(-28) is divided by 129.
2
Let c = 372 + 473. What is the remainder when c is divided by 57?
47
Suppose -5426 - 1969 = -15*j - 1620. Calculate the remainder when j is divided by 9.
7
Suppose -5*s + 0*y = -2*y - 31, -4*s = -4*y - 32. Suppose -26*q - 23166 = 28*q. Let u = 431 + q. What is the remainder when s is divided by u?
1
Let f be ((-1639)/2 - 1) + 39/26. Let g = -676 - f. Calculate the remainder when g is divided by 37.
32
Let n be -5*(-1 - 0)*(-69)/3. Let w(h) = -2*h**3 - 2*h**2 + 3*h + 5. Let s be w(-5). Let g = s + n. What is the remainder when g is divided by 21?
12
Suppose 1218 = 4*k - 5*v, -4*k = -5*v + 10*v - 1198. Suppose 7*a - k = 433. What is the remainder when a is divided by 27?
24
Suppose -5*a + 765 = -0*a. Suppose a = 2*x + 11. Let p(y) = y**2 + 9*y + 20. Calculate the remainder when x is divided by p(-9).
11
Let h(c) = 430*c**2 + 2*c - 2. Let s be h(2). Let d be (117/52)/3*(-6 - -2). Calculate the remainder when s/28*(-4)/d is divided by 43.
39
Suppose q - 3 = -0*q. Suppose 3*u - 217 = -5*l + 6*u, 2*u - 115 = -q*l. Let o(f) = -f**3 - 4*f**2 - f + 7. Calculate the remainder when l is divided by o(-4).
8
Let y(n) = 199*n**2 - 2. Let d be -13 + 10 - (-8)/4. What is the remainder when y(d) is divided by 20?
17
Let o(b) = 362*b - 718. Let q = -12 + 24. Calculate the remainder when q is divided by o(2).
0
Suppose 4*j = -0*k + 5*k - 660, -4*k + 527 = -3*j. Suppose 379 = -5*g + h, -3*h - k = 5*g + 255. Let y = -43 - g. What is the remainder when 96 is divided by y?
30
Suppose -5*l + 4*v = 27, l + 2*v - 3*v = -6. Let o = 1 - l. Suppose o*g = -2*k + 60, 7*g - k = 3*g + 66. Calculate the remainder when g is divided by 11.
5
Let i(f) = f**3 + 22*f**2 - 4*f + 12. Let s be i(-10). Let n = s - 1237. What is the remainder when (-303)/(-7) + (-2)/7 is divided by n?
13
Let m = -17862 - -17914. Calculate the remainder when 296 is divided by m.
36
Let j(w) = w**3 + 24*w**2 - 45*w - 1300. Calculate the remainder when j(-16) is divided by 47.
11
Suppose 3*z - 35 - 10 = -3*d, -3*d + 2*z = -20. Suppose g = -d*g + 176. Calculate the remainder when 366 is divided by g.
14
Let i(f) = 7*f**2 + 16*f - 175. Calculate the remainder when i(8) is divided by 384.
17
Let q be ((-92)/14 + 4)/(6/(-196)). Let x be 4*(-6)/q + (-450)/(-7). Let p = 71 - x. Calculate the remainder when 20 is divided by p.
6
Let h(d) = 6*d - 161. What is the remainder when 48 is divided by h(30)?
10
What is the remainder when 192 is divided by (157/(-1570)*(-1 - 103))/(2/10)?
36
Let p(j) = j**3 - 6*j**2 + 4*j + 7. Let i be p(5). Let d(f) = 13*f**3 + f**2 - 5*f + 5. Calculate the remainder when d(i) is divided by 34.
1
Let a(b) = 87*b + 4715. Let i = 5 - 2. Calculate the remainder when 249/4 - i/12 is divided by a(-54).
11
Let f(y) = -y**3 + 11*y**2 + 3*y - 106. What is the remainder when 1342 is divided by f(10)?
22
Let q(d) be the second derivative of d**4/12 + 2*d**3/3 - d**2 - 5*d - 2. What is the remainder when 87 is divided by q(4)?
27
Let v(j) = 4*j + 8. Calculate the remainder when ((-2006)/(-16) - 144/384) + (-21)/3 is divided by v(8).
38
Calculate the remainder when (-8 - 1) + (-23 - -452 - -18) is divided by 34.
30
Suppose 0 = d + 2*i - 4 - 24, 3*d - 4*i - 54 = 0. Calculate the remainder when 211 is divided by d.
13
Suppose 1038 = 44*r - 2726 + 948. What is the remainder when 3258 is divided by r?
58
Let c = -4 + 14. Let i(n) = -n**3 + 11*n**2 - 6*n - 10. Suppose 3*j - 323 = 3*l + 31, 354 = 3*j + 2*l. Calculate the remainder when j is divided by i(c).
28
Let t be 2/5 + (-24)/(-40)*21. Suppose -81 = -22*a + t*a. Calculate the remainder when 107 is divided by a.
8
Let a = -271 - -388. Suppose 33*p - 146 = 844. What is the remainder when a is divided by p?
27
Let j = -315 + 279. Let p = 47 + j. Let u(x) = -x**3 - 5*x**2 - 5*x - 2. Calculate the remainder when u(-6) is divided by p.
9
Let r(k) = -840*k - 3. Let c be r(-1). Suppose c*v + 27 = 838*v. What is the remainder when v is divided by 10?
7
Suppose 9*m = 1264 + 464. Suppose -9*t + m = -24. Calculate the remainder when 65 is divided by t.
17
Suppose 0 = i - 2*l - 2, -6 = -2*i - 3*l - 9. Suppose 3*q - c = 896, q + 2*q - 5*c - 916 = i. Calculate the remainder when q is divided by 23.
21
Suppose -2*l - 2*l = -112. What is the remainder when 15*(-583)/(-55) + (6 - -1) is divided by l?
26
Let f(k) = 27*k + 2*k**3 + 23 - 111542*k**2 - 3*k**3 + 111565*k**2. What is the remainder when f(24) is divided by ((1 - 0) + 31)/1?
31
What is the remainder when 69 is divided by ((-12)/(-30)*125)/(-3)*(-6)/4?
19
Let c(s) = s**2 + 3*s - 8. Calculate the remainder when c(-6) is divided by (1164/1552)/(6/32).
2
Let f(i) be the second derivative of -13*i**5/4 + i**4/12 + i**2/2 - 5*i + 6. What is the remainder when 400 is divided by f(-1)?
65
Let p(t) = 98*t**2 + 116*t + 118. Calculate the remainder when 16897 is divided by p(-1).
97
Suppose 64 = 5*g - 166. Let w = -15 - -3. Let u = w + 28. Calculate the remainder when g is divided by u.
14
Let m = 89 + -34. Let q = 6838 + -6828. Calculate the remainder when m is divided by q.
5
Suppose r = 4*t + 110 + 85, t = -2. Let f = 292 - r. What is the remainder when 82 is divided by (4/(-6))/(5 + (-530)/f)?
12
Suppose -7*p - 157 = -185. Suppose 2*u - 206 = 4*x, -p*u - 3*x = 2*x - 373. What is the remainder when 383 is divided by u?
92
Let h(v) = 2*v**3 - 10*v**2 - 23*v - 15. Let s = 246 + -195. Calculate the remainder when h(8) is divided by s.
32
What is the remainder when 190 is divided by -60*12*20/(-320)?
10
Suppose 4*c = -7*c + 1155. Let p = 19 - 19. Suppose -5*a + c - 25 = p. Calculate the remainder when 78 is divided by a.
14
Suppose -3*j = 6, -99*j = 5*n - 96*j - 1669. Calculate the remainder when n is divided by 26.
23
Suppose 47*h - 48*h = -4*a + 1106, 0 = -3*h + 6. Calculate the remainder when a is divided by 15.
7
Let s be (0 - -2) + 40 + 3. Suppose -3*i - 38 = f - 2*i, 110 = -3*f - 4*i. Let m = f + s. Calculate the remainder when 8 is divided by m.
2
Suppose 0 = 972*p - 997*p + 175. What is the remainder when 251 is divided by p?
6
Suppose 0*o + 3 = 5*o - 2*v, 2*v = 2*o - 6. Let u(h) = 2*h - 3. What is the remainder when 2 - ((1 - 5) + o) is divided by u(3)?
1
Let s(j) = -4*j + 8. Let z be s(-4). Let g be 1602/z + (-3)/4. Suppose 3*v = 3*h + 4*v - g, 0 = -5*h + 4*v + 93. What is the remainder when 60 is divided by h?
18
Let h be (30/(-40))/(2/(-16)*2). Suppose 25*z = -5*s + 27*z + 898, 3*s - 522 = -h*z. What is the remainder when s is divided by 23?
17
Suppose 2*o = c + 42, -66 = -5*o - 9*c + 5*c. What is the remainder when 311 is divided by o?
5
Suppose -r = -0*j + 2*j - 6, 2*j = 6. What is the remainder when 333 is divided by 2/(r - (-5 - -3)) + 27?
25
Let p(q) = 53*q - 178. Let u be p(7). Let g = u - 179. Calculate the remainder when 65 is divided by g.
9
Suppose 11*g = 9*g + 4. Let b = 3 + g. Suppose -4*n = b*s - 3*s, -4*s + 12 = 5*n. Calculate the remainder when 21 is divided by s.
5
Suppose 13126*x = 13082*x + 2288. Calculate the remainder when 2927 is divided by x.
15
Let a(k) = 30*k - 2*k + 13*k + 15*k - 25. Calculate the remainder when a(4) is divided by 25.
24
Let t(f) = f + 5. Let g be t(-10). Let b(k) = -60*k + 191. Calculate the remainder when -1*g/(-5)*-15 is divided by b(3).
4
Suppose 77 = n + 4*x, 2*x = -0*x - 10. What is the remainder when n is divided by 24/9*(1 - 2)/((-82)/615)?
17
Let f = 14 + 2. Suppose 0 = -55*b + 5648 + 7057. Let r = 294 - b. What is the remainder when r is divided by f?
15
Let d = -2873 - -3143. What is the remainder when d is divided by 41?
24
Suppose -71*f + 3040 = -146 - 1926. Calculate the remainder when 1590 is divided by f.
6
Let c = -1373 - -1813. Calculate the remainder when c is divided by 91.
76
Suppose -z = 2*x - 33, 5*x - 130 = -5*z - 55. Calculate the remainder when 472 is divided by x.
4
Let o(p) = -360*p + 30. Let f be o(5). What is the remainder when (f/(3 + 3))/(-1 + 0) is divided by 37?
36
Let f(v) = 122*v - 2. Let p be f(2). Suppose 3*y = 76 + p. What is the remainder when y is divided by 34?
4
Let o(d) = -126*d - 87. Calculate the remainder when 917 is divided by o(-1).
20
Let y be (-7)/(357/(-4035)) - (-4)/(-34). Suppose 0*q - q + c = -31, 4*q - y = -5*c. Let h = 49 - q. Calculate the remainder when h is divided